(33 - 25).
3
-3 - ((18 + -16 - 14) + -5 + -2)
16
-15 + 12 - 2 - -19
14
What is 41 + -52 + (-3 - 3)?
-17
What is the value of (1 - 6) + -11 + (12 - -12)?
8
What is -5 + 5 - (26 + 0) - (-10 - -4)?
-20
Calculate 4 + (0 - 2) + (-126 - -113).
-11
20 - (1 + -14 + 18)
15
What is the value of 369 + -376 - (0 + -25)?
18
Calculate -3 + (-3 - (-18 - 0)) - (-258 - -256).
14
-6 - (-14 + (-4 - (-8 - 4))) - -16
16
What is -1 + (1 + 45 + -6 - 3) + -3?
33
-5 + 1 - (9 - 18 - (1 + -7))
-1
(48 - 6 - 41) + (-22 - -1)
-20
What is the value of 0 + -8 + (-4 - 0) + (9 - 0)?
-3
6 - (5 - 15 - -16) - (1 - 1)
0
-5 + 18 - -1 - 11
3
What is -11 + (3 - (-34 + 19))?
7
What is the value of 2 - (0 + -1 + 17 + -10)?
-4
Evaluate -10 - (-4 - (-2 - (-4 - 3))).
-1
Calculate 3 - (-19 - (-45 + 2)).
-21
19 + (2 - 0) + 3 + (19 - 27)
16
(5 - (12 - 5)) + 10
8
Calculate -28 - (-9 - 0 - (5 + -10 + -4)).
-28
Calculate 17 - (-5 - 0) - 39.
-17
What is (0 - -11) + 15 + -26?
0
Calculate -2 + 0 + 13 + -6.
5
What is -3 + -7 + -4 - -8 - (-2 - 10)?
6
(-9 - -14) + (0 + 0 - (-2 + 4))
3
(-2 - -3) + -6 - (10 + -14 + -2)
1
(13 - (16 - 12)) + 1
10
What is (183 - 135) + -6 + -4?
38
Calculate (-60 - 1) + -649 + 680.
-30
What is the value of -6 + -6 - -7 - -14 - 21?
-12
6 + (-17 - -16) - (8 - 2)
-1
What is -4 - ((-1 - 1) + (2 - (-26 + 21)))?
-9
What is -30 - (-2 + (-26 - -20))?
-22
What is 52 + (-5 - -19 - 43)?
23
7 - (26 + -26) - -7
14
Calculate -2 + 17 + -16 + 18.
17
Calculate (16 - (3 - (-5 - -9))) + -2.
15
What is 14 + 3 + -7 + -7?
3
What is the value of -26 + 126 + -89 + (-1 - 28)?
-18
(-4 - (2 + -3) - (-57 + 58)) + 14
10
-5 + 12 + -21 - 5
-19
Calculate 9 - (-1 + 6) - (11 - 6 - 7).
6
What is -7 + (2 - (6 + 4 - (1 + 4)))?
-10
-11 - (3 - (42 - 22))
6
Evaluate (1 - 2) + -4 - (5 + -20 + 15).
-5
What is 2 + 2 + (20 - (17 + 0))?
7
Calculate 13 + 10 + -17 - 13.
-7
Evaluate (-149 - -149) + -10 + 0.
-10
Evaluate -7 + (-2 - -12) - (-4 + (-9 - -4)).
12
What is -15 - (-15 - (5 - 11))?
-6
Calculate 0 + -8 - (15 + -17 + 15 + -22).
1
What is the value of 4 + -1 - (29 - (-33 + 31))?
-28
0 + (29 - 20) + -31
-22
Calculate (-15 - (-39 + 12 - 12)) + -6 + -1.
17
What is the value of 20 + -18 + -1 + -16?
-15
What is the value of -547 + 518 - ((0 - 2) + -6)?
-21
What is the value of (-24 - -26) + (11 - (6 - (1 + 5)))?
13
What is (23 - 17) + (-6 - -1) + -8?
-7
Calculate -3 + (-60 - -87 - (-2 + -4)).
30
Evaluate 14 - 14 - (-3 - 0 - (6 - 5)).
4
Calculate (32 - -3) + (-5 - 10) + 20 + -6.
34
What is 2 + (-2 - -3) - (15 + -16)?
4
What is the value of -29 + 3 - (-77 - -53)?
-2
Evaluate (-28 - 5) + 40 + -26.
-19
What is the value of 43 - 16 - 43 - (-1 - 2)?
-13
What is the value of -7 + 2 - ((17 - 13) + -3)?
-6
What is (96 - 88) + 3 + 3 + -6?
8
-12 + 1 + -141 + 155
3
Calculate -3 + 3 + -4 - (17 + -19 - 12).
10
(7 + -18 + 4 + 0 - 0) + -7
-14
Calculate -1 - 3 - (33 - (19 + -16 + 10)).
-24
What is the value of -9 - (-8 - (1 + 8 + -26))?
-18
Evaluate -18 + (-2 - ((2 - (-8 - -18)) + -2)).
-10
(5 - -3) + (-7 - (-5 - -3))
3
What is (-2 - 4 - -42) + 0?
36
26 - (17 + -6 - -7)
8
Evaluate (18 - 1) + (-8 - 29 - -36).
16
What is the value of 19 + 31 + -70 + 9?
-11
Evaluate (-8 - -23) + 10 - 12.
13
What is (-22 - -3) + 29 + (0 - 1)?
9
Evaluate -1 + 2 + -15 + 12.
-2
What is -78 + (26 - 54 - -71)?
-35
What is -784 + 755 + (32 - -1)?
4
Evaluate -8 + 0 + (-9 - (-2 + -8)).
-7
What is -9 + 21 + -1 + -8 + 0?
3
Calculate -21 + -2 - (-6 - 6).
-11
Evaluate -7 - -1 - (-9 + (-21 - -22)).
2
-5 + -4 + 18 - (31 - 10)
-12
Evaluate (-1 - 16) + (113 - 103).
-7
What is -15 + 0 + -2 + -2 + 99 + -97?
-17
-5 - 0 - ((-53 - -20) + 29 - 10)
9
What is 0 + (-299 - -302 - (-1 + (-1 - -1)))?
4
What is the value of 1 + 9 - (4 - (-3 - 0))?
3
What is 3 - 5 - 10 - 1 - (1 + -8)?
-6
-10 - (7 - 7) - (14 - 12)
-12
What is -4 + 0 - (-23 + (33 - 39))?
25
Calculate 18 - (40 - 25) - 16.
-13
Evaluate 4 - ((-2 - 4) + (4 - 1) - 2).
9
What is 17 + (20 + 1 - 22) + (2 - 4)?
14
What is 1 - 12 - -6 - -3?
-2
Calculate -17 + -10 + (7 + -12 + 3 - -10).
-19
Calculate 12 + -6 + 22 - 16 - -6.
18
What is the value of -9 + (11 - -1) - (-1 - -10)?
-6
Evaluate (-9 - (-9 + -8 - 1)) + -2.
7
6 + (-31 + 48 - 5)
18
Evaluate (-11 - -1 - 6) + (-2 - 2).
-20
1654 - 1654 - ((-1 - -2) + 1 + -1)
-1
What is the value of 6 - ((16 - (-8 + 10)) + 1)?
-9
What is the value of (24 - (26 + -9 + -1)) + -1?
7
Evaluate -34 + 96 + -21 + -62.
-21
Calculate (-120 - -110) + (2 - 2 - 13).
-23
Calculate (73 - 69 - (27 - 3)) + (8 - 0).
-12
Calculate (-1 - 23) + (27 - (22 - 14)).
-5
(1 + 13 - 1) + (8 + -4 - 8)
9
What is the value of -2 - (-17 + -6 + -5)?
26
What is 0 + 6 + -1 - ((-9 - -6) + 20)?
-12
Evaluate 6 + -17 + 17 + 1 + -39 + 1.
-31
Evaluate 7 + -31 + (0 - 2).
-26
Evaluate 3 + (5 - 6 - -5) - (2 + -2).
7
What is the value of -14 + (4 - (3 - (-4 - (0 + -5))))?
-12
What is (-2 - (10 + -5 - 9)) + -8 + -10?
-16
Evaluate 19 + -14 + 12 + -10.
7
Evaluate -8 + 4 - (-12 - -23 - 13).
-2
What is (-39 - -1) + (-79 - (-55 - 35))?
-27
Evaluate 20 + (6 - ((1 - -1) + -10 - -18)).
16
-1 + -8 - (-57 - -49) - (28 - 2)
-27
What is the value of -3 + -5 + -3 + (-25 - -27)?
-9
Evaluate (16 - 4) + -30 + 18.
0
Calculate (0 + (1 - 2) - 27) + 237 + -232.
-23
Calculate (16 - 8) + -20 + -11 - (3 + -11).
-15
What is 7 + 2 + -10 + -13 + 23?
9
(0 - 0) + (-177 - -202)
25
46 - (16 - (-26 + 25))
29
Calculate (-7 - -7 - 23) + -2.
-25
What is the value of (428 - 430) + 2 + 0 + 1?
1
What is the value of -23 - 1 - (-1 + (-13 - -4))?
-14
What is -18 - -4 - (92 - 98)?
-8
Evaluate -2 - (0 - -2) - (3 + (-3 - -3)).
-7
What is 3 - (-17 + 32) - -14?
2
What is the value of 1 - -42 - (0 + 1 - (174 + -183))?
33
What is the value of -22 - -7 - 4 - -10?
-9
Calculate (-92 - -100) + (-10 - -7) + -4.
1
Evaluate 8 + (3 - (13 - (3 - -7 - 4))).
4
(-11 - 5) + 4 + 6
-6
Evaluate -9 + 6 + -2 + 17 + (5 - 5).
12
Evaluate -4 + 8 + (-7 - (11 + -11)) + 16.
13
What is the value of 17 + -18 + -6 + 17?
10
What is the value of -1 + -7 - (-8 + (-1 - -5 - 27))?
23
Evaluate -12 - (1 + -26 + 18).
-5
Calculate (-4 + -1 + 5 - 16) + -7.
-23
Evaluate -13 - (-3 + 17 - 27).
0
-101 - -101 - (1 - 4) - (-17 - 0)
20
What is (-1 - 0 - (29 - 28) - 3) + -5?
-10
What is the value of (-5 - -11) + -11 + -4 + 13?
4
What is the value of (-4 - -1 - (145 - 162)) + -11?
3
Calculate -1 + (-52 - -51 - (6 + 2)).
-10
Evaluate 29 + (100 - 97 - (1 - -15)).
16
What is the value of -8 + -16 + 19 + -1?
-6
Evaluate 18 + 3 + (8 - (-6 + 17)) + -8.
10
What is (14 - 12) + -11 - 4?
-13
Calculate (10 + -18 - -2) + -4 + (5 - -3).
-2
What is 5 + (1 + 6 - 4) - 30?
-22
-11 - (6 + 8 + -47 - 7)
29
What is the value of 10 + 1 + -3 - (2 - (-2 + -2))?
2
Evaluate 5 - (-5 - (-8 - -4 - (3 + 0))).
3
What is the value of -95 - -85 - (-9 - 2) - -2?
3
Calculate 11 + (9 - 1) + -6 + -7 + 3.
9
-155 + 154 - (1 + 2 + -3)
-1
Calculate (86 - 83) + (-8 - 0) + 3.
-2
What is 16 + 3 + -11 + 7?
15
(9 - (-27 + 8)) + (5 - 13)
20
What is (-1 - -1 - -16) + 3 + -5?
14
Calculate (-112 - -99) + -1 + 24.
10
Evaluate (0 + -16 - -2) + (2 - -5).
-7
Calculate -9 - (-17 + (-8 - -19)).
-3
What is 1 + 4 + (8 + -13 - 1)?
-1
What is 0 + -38 - -43 - 5?
0
2 - 36 - (-21 - (4 + -14))
-23
Calculate (-2 - 8 - 10) + (21 - 29).
-28
Calculate 12 + (-10 + 3 - (-5 + 5)) + 6.
11
-4 + -6 + 9 + 5
4
What is (-1201 - -1210) + (0 - -3)?
12
Evaluate (2 - (1 + 3 + -9)) + -17.
-10
What is 1 + -20 - (-1386 + 1348)?
19
7 + 2 + 0 + (11 - -1)
21
Evaluate (-2 - 0) + -17 - (538 + -545).
-12
What is the value of -5 + -10 + 18 + (2 - 9) + -2?
-6
-24 + 11 + (14 - 4)
-3
Calculate (-10 - (10 - 23)) + -16 - -8 - -28.
23
Evaluate (-30 - (-6 - 12)) + 4.
-8
Evaluate -2 + 0 + 8 + (83 - 78).
11
Calculate (24 - 16) + 8 + -29.
-13
Evaluate (17 + 1 - (-28 - -31)) + -4.
11
What is (5 - 2) + -15 + 2 + 20?
10
Calculate (92 - 82) + -11 + 1.
0
What is the value of -3 - -6 - 3 - (-7 - (-5 - -26))?
28
0 - (4 - 10 - (-5 + 1))
2
5 + 1 + -8 + 14
12
-1 + (1 - 7) - (-4 - 20)
17
What is 1 + -30 + 1 - (14 - 17 - 5)?
-20
What is -24 - (8 + -14 + (3 - -4))?
-25
What is 10 + 24 + -15 - 1?
18
What is (-4 + (-5 - -7) + 4 - -5) + 0?
7
9 + -2 - (116 + -98)
-11
What is the value of 2 - -1 - (-6 + 0 + 38)?
-29
What is the value of 227 - 251 - (-16 - 0)?
-8
What is -12 - -14 - 1 - 4?
-3
What is 1 + (-11 + (0 - -10) - -1)?
1
Evaluate 15 + 33